
393
Calculate the remainder when 93282 is divided by 190.
182
What is the remainder when 1118 is divided by 110?
18
What is the remainder when 424 is divided by 301?
123
Calculate the remainder when 35839 is divided by 629.
615
What is the remainder when 2531 is divided by 727?
350
Calculate the remainder when 10953 is divided by 44.
41
What is the remainder when 1087 is divided by 1074?
13
Calculate the remainder when 1462 is divided by 1052.
410
What is the remainder when 10644 is divided by 508?
484
Calculate the remainder when 240806 is divided by 346.
336
Calculate the remainder when 9191 is divided by 2286.
47
Calculate the remainder when 483 is divided by 203.
77
What is the remainder when 2520 is divided by 418?
12
What is the remainder when 90903 is divided by 3496?
7
Calculate the remainder when 456 is divided by 131.
63
What is the remainder when 1759136 is divided by 348?
344
What is the remainder when 6661 is divided by 4522?
2139
What is the remainder when 30521 is divided by 1089?
29
What is the remainder when 370 is divided by 330?
40
What is the remainder when 18241 is divided by 7?
6
What is the remainder when 2325 is divided by 137?
133
Calculate the remainder when 2407 is divided by 18.
13
What is the remainder when 22112 is divided by 4320?
512
Calculate the remainder when 4856 is divided by 205.
141
What is the remainder when 129324 is divided by 137?
133
What is the remainder when 71996 is divided by 160?
156
What is the remainder when 930954 is divided by 26?
24
What is the remainder when 1320478 is divided by 315?
313
Calculate the remainder when 4172 is divided by 173.
20
Calculate the remainder when 4181 is divided by 213.
134
What is the remainder when 511032 is divided by 428?
0
What is the remainder when 3918 is divided by 68?
42
What is the remainder when 69058 is divided by 13805?
33
What is the remainder when 1716 is divided by 27?
15
Calculate the remainder when 298151 is divided by 50.
1
What is the remainder when 4789 is divided by 959?
953
What is the remainder when 219282 is divided by 9133?
90
Calculate the remainder when 8833 is divided by 442.
435
What is the remainder when 40453 is divided by 26?
23
What is the remainder when 124788 is divided by 805?
13
Calculate the remainder when 9690 is divided by 331.
91
Calculate the remainder when 1095 is divided by 1091.
4
What is the remainder when 1558542 is divided by 19?
10
What is the remainder when 307107 is divided by 525?
507
What is the remainder when 5541594 is divided by 100?
94
Calculate the remainder when 2383 is divided by 143.
95
What is the remainder when 29938 is divided by 329?
328
What is the remainder when 111324 is divided by 55652?
20
Calculate the remainder when 329039 is divided by 180.
179
What is the remainder when 155614 is divided by 32?
30
Calculate the remainder when 63762 is divided by 722.
226
What is the remainder when 58689 is divided by 268?
265
Calculate the remainder when 138529 is divided by 1136.
1073
What is the remainder when 3824 is divided by 943?
52
Calculate the remainder when 16193 is divided by 5.
3
What is the remainder when 121051 is divided by 340?
11
Calculate the remainder when 4969348 is divided by 54.
52
Calculate the remainder when 671 is divided by 640.
31
What is the remainder when 132955 is divided by 75?
55
Calculate the remainder when 4935 is divided by 4030.
905
Calculate the remainder when 4276 is divided by 4012.
264
Calculate the remainder when 97606 is divided by 7.
5
Calculate the remainder when 511562 is divided by 37.
0
Calculate the remainder when 6296 is divided by 775.
96
What is the remainder when 116970 is divided by 16?
10
What is the remainder when 1183 is divided by 32?
31
What is the remainder when 262202 is divided by 373?
356
Calculate the remainder when 7898 is divided by 7891.
7
Calculate the remainder when 18423 is divided by 1842.
3
What is the remainder when 2580 is divided by 210?
60
Calculate the remainder when 4997 is divided by 357.
356
What is the remainder when 132849 is divided by 69?
24
What is the remainder when 67750 is divided by 23?
15
What is the remainder when 113032 is divided by 28256?
8
What is the remainder when 124194 is divided by 1109?
1095
Calculate the remainder when 2165 is divided by 280.
205
Calculate the remainder when 61712 is divided by 15417.
44
Calculate the remainder when 18943 is divided by 6308.
19
What is the remainder when 438496 is divided by 100?
96
Calculate the remainder when 38374 is divided by 1814.
280
Calculate the remainder when 3825 is divided by 414.
99
Calculate the remainder when 10177 is divided by 300.
277
Calculate the remainder when 1798 is divided by 137.
17
Calculate the remainder when 3944 is divided by 655.
14
Calculate the remainder when 410273 is divided by 2041.
32
Calculate the remainder when 377408 is divided by 125801.
5
What is the remainder when 412976 is divided by 41296?
16
Calculate the remainder when 24770 is divided by 236.
226
What is the remainder when 91031 is divided by 145?
116
What is the remainder when 431890 is divided by 258?
256
Calculate the remainder when 22627 is divided by 2.
1
Calculate the remainder when 15389 is divided by 699.
11
What is the remainder when 455 is divided by 181?
93
What is the remainder when 19517 is divided by 27?
23
What is the remainder when 5198 is divided by 2570?
58
Calculate the remainder when 27487 is divided by 357.
355
What is the remainder when 5579 is divided by 1065?
254
Calculate the remainder when 592 is divided by 435.
157
What is the remainder when 269 is divided by 72?
53
What is the remainder when 35352 is divided by 52?
44
What is the remainder when 185 is divided by 62?
61
Calculate the remainder when 318385 is divided by 5135.
15
Calculate the remainder when 3831 is divided by 14.
9
What is the remainder when 494423 is divided by 374?
369
What is the remainder when 118501 is divided by 19?
17
What is the remainder when 3409 is divided by 875?
784
What is the remainder when 9631 is divided by 177?
73
Calculate the remainder when 188469 is divided by 60.
9
Calculate the remainder when 14983 is divided by 109.
50
What is the remainder when 14411 is divided by 379?
9
What is the remainder when 1823 is divided by 117?
68
Calculate the remainder when 16637 is divided by 8286.
65
Calculate the remainder when 41032 is divided by 657.
298
Calculate the remainder when 7331 is divided by 6.
5
What is the remainder when 246 is divided by 190?
56
Calculate the remainder when 3253 is divided by 85.
23
What is the remainder when 2365 is divided by 245?
160
Calculate the remainder when 44688 is divided by 44632.
56
Calculate the remainder when 2168 is divided by 241.
240
Calculate the remainder when 1438 is divided by 72.
70
What is the remainder when 21104 is divided by 10456?
192
What is the remainder when 589 is divided by 69?
37
What is the remainder when 26994 is divided by 588?
534
What is the remainder when 4843 is divided by 14?
13
Calculate the remainder when 192979 is divided by 38587.
44
What is the remainder when 2649 is divided by 429?
75
What is the remainder when 41885 is divided by 13929?
98
Calculate the remainder when 2215 is divided by 182.
31
Calculate the remainder when 105307 is divided by 126.
97
Calculate the remainder when 209813 is divided by 51.
50
What is the remainder when 26292 is divided by 548?
536
Calculate the remainder when 2511 is divided by 37.
32
What is the remainder when 24278 is divided by 7?
2
What is the remainder when 2611 is divided by 103?
36
Calculate the remainder when 752110 is divided by 452.
434
Calculate the remainder when 1276 is divided by 888.
388
What is the remainder when 1185070 is divided by 121?
117
Calculate the remainder when 203371 is divided by 52.
51
What is the remainder when 1133 is divided by 214?
63
Calculate the remainder when 60852 is divided by 5.
2
What is the remainder when 5096 is divided by 1?
0
Calculate the remainder when 40284 is divided by 44.
24
Calculate the remainder when 33379 is divided by 269.
23
Calculate the remainder when 16090 is divided by 8036.
18
Calculate the remainder when 2701 is divided by 572.
413
What is the remainder when 104480 is divided by 43?
33
Calculate the re